4a - -119?
-31
In base 12, what is 5 + 89719?
89722
In base 5, what is 2 - -4310431?
4310433
In base 3, what is -101212002102 - 110?
-101212002212
In base 3, what is -20221122 + 120?
-20221002
In base 11, what is 6 - 1801?
-17a6
In base 15, what is -4 - -47842?
4783d
In base 15, what is 4a5 - -ae?
564
In base 6, what is 13 - -32302?
32315
In base 14, what is 579b + -7?
5794
In base 4, what is 3 + 12133122?
12133131
In base 8, what is -2464 + -275?
-2761
In base 2, what is 110100 + -11100101?
-10110001
In base 4, what is -100003221 + 1103?
-100002112
In base 3, what is -12221 + -22211?
-112202
In base 11, what is 138 + a299?
a426
In base 6, what is 534 - 21331?
-20353
In base 5, what is 0 - 130120?
-130120
In base 2, what is -11001111010000 + 11001?
-11001110110111
In base 15, what is -b - -1022?
1016
In base 9, what is -100673 - 3?
-100676
In base 11, what is -3401 - -1?
-3400
In base 14, what is -74 + -295?
-329
In base 14, what is 8ac45 - 1?
8ac44
In base 16, what is 70a - 2d7?
433
In base 11, what is 1 + 45a10?
45a11
In base 13, what is 7b - -4237?
42b5
In base 9, what is 736684 - 5?
736678
In base 5, what is 10 + -133140?
-133130
In base 11, what is -5 - a06265?
-a0626a
In base 16, what is -6 + 353c6?
353c0
In base 2, what is 11010111100 + 10?
11010111110
In base 6, what is -410130 + -43?
-410213
In base 3, what is 10 - -22121202?
22121212
In base 16, what is 34a + 31?
37b
In base 15, what is -18bc + 5?
-18b7
In base 2, what is 11111011 + -11001010000?
-10101010101
In base 3, what is -1 + -1022011122?
-1022011200
In base 4, what is 121 + 30123?
30310
In base 3, what is 2010101211 + 100?
2010102011
In base 6, what is 3 - -153314?
153321
In base 16, what is 9a + 560f?
56a9
In base 4, what is 13 + -13212023?
-13212010
In base 12, what is -24b98 - -1?
-24b97
In base 12, what is 18 - -620?
638
In base 6, what is -204405 + 31?
-204334
In base 10, what is 5431 + -7?
5424
In base 4, what is -113112 + 2120?
-110332
In base 16, what is 8 - c1a?
-c12
In base 7, what is -3 - 56366?
-56402
In base 13, what is -34b - -20a?
-141
In base 11, what is -31833 + -17?
-3184a
In base 3, what is 210100212 - 10?
210100202
In base 5, what is 41022 - -10024?
101101
In base 2, what is 1001001100001011101 + 100?
1001001100001100001
In base 7, what is 10350 - -54?
10434
In base 9, what is 1617024 + 2?
1617026
In base 15, what is 1 + -1599?
-1598
In base 9, what is 10511 - 68?
10432
In base 13, what is 2 + 97?
99
In base 11, what is 28 + 183?
200
In base 2, what is 111100110010001111111 + 100?
111100110010010000011
In base 11, what is 8 + 5692?
569a
In base 7, what is -41 + 5301?
5230
In base 15, what is 795c + -1?
795b
In base 3, what is -222012 + -2211201?
-10210220
In base 8, what is 1 - 1103660?
-1103657
In base 10, what is 206727 + 1?
206728
In base 15, what is -e790 - -24?
-e76b
In base 11, what is -13 - -20427?
20414
In base 7, what is -1324002 - -21?
-1323651
In base 13, what is -36868 - 5?
-36870
In base 16, what is 3 + -125412?
-12540f
In base 14, what is -7811c + 1?
-7811b
In base 13, what is 5 - 487?
-482
In base 10, what is 807966 + 3?
807969
In base 6, what is 4 - 12010?
-12002
In base 14, what is -3694 + 2?
-3692
In base 9, what is 1311 + -371?
830
In base 14, what is -5 + -968?
-96d
In base 6, what is -453 + -1031?
-1524
In base 6, what is 340451 + -120?
340331
In base 14, what is 134 - 508?
-3b4
In base 6, what is 21500 + -4210?
13250
In base 13, what is 139 - 1209?
-10a0
In base 12, what is -2288 + -239?
-2505
In base 14, what is 3a5ba - 6?
3a5b4
In base 2, what is -1110000110 - -111010?
-1101001100
In base 14, what is -7 + -b72?
-b79
In base 4, what is 21231 + 201203?
223100
In base 8, what is -405 - 501?
-1106
In base 15, what is 5 - 545c1?
-545bb
In base 12, what is -307905 + 4?
-307901
In base 2, what is -100111111000000000010 - 11?
-100111111000000000101
In base 9, what is -2 - 2464223?
-2464225
In base 5, what is 430011230 + -1?
430011224
In base 10, what is -82 + 984?
902
In base 5, what is 31333 + -14144?
12134
In base 2, what is -1000010110 - -110011?
-111100011
In base 2, what is -1000100 + 1000110100?
111110000
In base 12, what is 71 - -ab?
160
In base 14, what is 81 + -22cb?
-224a
In base 8, what is 223530 + -15?
223513
In base 14, what is -139 - -7b?
-9c
In base 9, what is 4 + 17066?
17071
In base 8, what is 460677 + -1?
460676
In base 14, what is -21 - 1dab?
-1dcc
In base 2, what is -1110011011 - 110110?
-1111010001
In base 9, what is -216 + -7?
-224
In base 15, what is -17c - -a28?
89b
In base 10, what is -17 + -3630?
-3647
In base 12, what is -59804 - 0?
-59804
In base 11, what is -10787 - 2?
-10789
In base 5, what is 1241 - 301?
440
In base 3, what is 1012112 - 21?
1012021
In base 13, what is 11 - 85c?
-84b
In base 11, what is 160245 - 2?
160243
In base 2, what is -10000100 + -100010101111?
-100100110011
In base 2, what is 11 + -101010100001010011?
-101010100001010000
In base 2, what is 101 + 10000100001000?
10000100001101
In base 10, what is 1 + -27134?
-27133
In base 5, what is -43343 - -23?
-43320
In base 5, what is -1 + -33330323?
-33330324
In base 15, what is -35ed8 - 0?
-35ed8
In base 7, what is -11 - -563451?
563440
In base 12, what is -4 - -6476?
6472
In base 12, what is 10248 + -17?
10231
In base 10, what is -2 - 340769?
-340771
In base 10, what is 2 + 417880?
417882
In base 9, what is 5 - 43522?
-43516
In base 6, what is -1134211 + 14?
-1134153
In base 5, what is -31202 + 122?
-31030
In base 10, what is 1 + 4771?
4772
In base 5, what is 104231 - -2?
104233
In base 16, what is -17 + 143?
12c
In base 16, what is -39 - -f829?
f7f0
In base 13, what is -4 - bc086?
-bc08a
In base 6, what is 0 - 355513?
-355513
In base 16, what is -13 + -4b93?
-4ba6
In base 8, what is 2166 - -145?
2333
In base 16, what is 950 - 117?
839
In base 3, what is -12 - -2220100?
2220011
In base 6, what is -53125 - 30?
-53155
In base 6, what is 10 + 13212?
13222
In base 10, what is -1931457 - 3?
-1931460
In base 8, what is -31 - 2416?
-2447
In base 4, what is 1 + 232230100?
232230101
In base 11, what is -2a3 + 4a?
-254
In base 15, what is -9a341d + 2?
-9a341b
In base 16, what is 4b + 172f?
177a
In base 13, what is 81c - -8a7?
13c6
In base 12, what is -2955 + -18?
-2971
In base 6, what is 21501 - 5?
21452
In base 16, what is e + 73?
81
In base 12, what is 28 - -2590?
25b8
In base 10, what is 57 + 1038?
1095
In base 5, what is -213 + -30400?
-31113
In base 9, what is -34 + -405?
-440
In base 12, what is 2319 + -102?
2217
In base 5, what is 0 - 114042?
-114042
In base 6, what is -1525 + -242?
-2211
In base 5, what is 1 - 4404431?
-4404430
In base 10, what is 1 + 34277?
34278
In base 5, what is 21032 + -12?
21020
In base 11, what is -331 - -35?
-2a7
In base 3, what is 1012 - 211000121?
-210222102
In base 15, what is 4 + -2098?
-2094
In base 13, what is -267 + -1871?
-1b08
In base 4, what is 112 + -2020023?
-2013311
In base 9, what is -15524 + 0?
-15524
In base 3, what is 10122001 - 11?
10121220
In base 15, what is 10 + -907b?
-906b
In base 5, what is -14 + -301232?
-301301
In base 2, what is 10111 + -111111111?
-111101000
In base 12, what is -b6 + -300?
-3b6
In base 2, what is 1010 - -11110110001001001?
11110110001010011
In base 10, what is 5 - 109730?
-109725
In base 4, what is -1300 + -3223?
-11123
In base 4, what is 1332113210 + 2?
1332113212
In base 4, what is 1 - -20210200?
20210201
In base 13, what is -2b6 - 33?
-319
In base 2, what is -11110101010001 - -10?
-11110101001111
In base 3, what is -22 - -11020000021?
11012222222
In base 13, what is -119a + -39?
-1206
In base 7, what is -16 + -6024?
-6043
In base 3, what is 11211220 + 20122?
12002112
In base 6, what is 2154553 + -4?
2154545
In base 4, what is -13021102 + 1333?
-13013103
In base 10, what is 1799202 + -2?
1799200
In base 9, what is -14 - -12670?
12655
In base 14, what is -266c9a - -1?
-266c99
In base 12, what is -1a6 - -56?
-150
In base 3, what is -112020200 - -11?
-112020112
In base 13, what is 0 - -11061?
11061
In base 14, what is 9 + -49641?
-49636
In base 12, what is -57395 - -4?
-57391
In base 2, what is -110110001110110010111 + 11?
-110110001110110010100
In base 12, what is 485aa0 + -3?
485a99
In base 10, what is -104 - 671?
-775
In base 7, what is 26453 - -2?
26455
In base 6, what is 